 List the prime factors of o.
2
Suppose -8*h + 17437 = -5*h + 2*q, 29087 = 5*h - 3*q. What are the prime factors of h?
5, 1163
Suppose -4*v + 0 = 16. List the prime factors of (-1370)/v - 21/14.
11, 31
Suppose -c = -5*v + 17, -6*v = 2*c - 7*v - 2. List the prime factors of c*((-140)/(-12) - -3).
2, 11
Suppose 0 = 4*g + 12, 4043 = -2*m + g + 104124. What are the prime factors of m?
11, 4549
Let g(s) = 10*s**2 + 21*s + 45. Let j be g(-10). Suppose -35*q - j = -36*q. What are the prime factors of q?
5, 167
Let f be (2 + 3)/(6/84). Suppose 2*q = -5*u + 68, -f + 184 = 4*q - u. Suppose 2*b + q = 2*r + 7*b, -16 = -3*r - 2*b. List the prime factors of r.
2
Let z(a) = 7*a + 27. Let f be z(-4). Let l be f*30/(-7) - (-6)/(-21). Suppose l*b - 37 = 283. What are the prime factors of b?
2, 5
Let i = -173 - -86. Let x = 91 + i. List the prime factors of x/2*(-343)/(-14).
7
Let z = -130 + 133. List the prime factors of 3 + z/((-18)/(-930)).
2, 79
Let q = 9779 + 2857. What are the prime factors of q?
2, 3, 13
Let r(x) = 66*x + 15. Let j be r(11). Let n = j - 403. List the prime factors of n.
2, 13
Let m(h) = h**2 - 16*h - 168. Let b be m(36). Suppose -3*u = u - b. List the prime factors of u.
2, 3, 23
Let g(i) be the third derivative of -5*i**4/12 + 343*i**3/3 - 257*i**2. List the prime factors of g(0).
2, 7
Let t = -26 - -30. Suppose 3*i + t*w = -96, 0*i = -i - 3*w - 37. List the prime factors of (-21)/i + (-795)/(-12).
67
Let r(q) = -2*q**2 - q + 23. Let o be r(3). List the prime factors of 2 + (-24 + 284)/(1*o).
2, 3, 11
Suppose d + 4*l = 5976, -5*d = 4*l - 24819 - 5093. List the prime factors of d.
2, 11, 17
Let n be 28/(-42) - (-74)/3. Let o = 2 + 2. Suppose 2*l + n = o*l. List the prime factors of l.
2, 3
Suppose 24*h - 39*h + 60 = 0. Suppose 5*d = 2*v + v - 926, h*d - 320 = -v. List the prime factors of v.
2, 3, 13
Suppose k = -5*x + 44082, 17630 = 151*x - 149*x - k. What are the prime factors of x?
2, 19, 29
Let y(p) = 4*p**2 - 4*p - 16. Let f(g) = 6*g - 20. Let c be (6/21)/(((-6)/28)/(-3)). Let v be f(c). What are the prime factors of y(v)?
2
Suppose 3*y + 0*y = -3. Let z be -9 + 10 + 1*y. Suppose 5*r - 71 - 69 = z. List the prime factors of r.
2, 7
Let g(v) = 13*v**2 + 206*v - 159. What are the prime factors of g(24)?
3, 4091
List the prime factors of 22/(-9 - 2) + 17*4561.
3, 5, 1723
Let u(k) = -k**2 - 5*k - 6. Let p be u(-5). Let t(m) = 12*m**2 + 10*m + 10. List the prime factors of t(p).
2, 191
Suppose 89172 = 3*b + y, -2*b + 3*y = 8*y - 59448. List the prime factors of b.
2, 3, 2477
Suppose 5*t + 2*j + 12 = 0, -5*j - 16 = 5*t - 4*j. Let u be 946/t - 9/(-18). What are the prime factors of (u/8)/((-1)/2)?
59
Let d(t) = t**3 + 6*t**2 + 4*t - 2. Let c be d(-5). Suppose 0 = -c*i + 16*i - 91. Suppose 3*v - i*v + 940 = 0. List the prime factors of v.
5, 47
Suppose 0 = -6*o - 38 - 4. Let r be o - -9 - 73*1. Let p = -13 - r. List the prime factors of p.
2, 29
Let q = 1563 + -990. Suppose 2*b = 2*z + 1176, -b + 3*z + z = -q. List the prime factors of b.
593
Let t = 19649 + 29476. List the prime factors of t.
3, 5, 131
Let x = 2308 + -1423. Suppose 0 = 5*o - 4*s - 2114, 4*o - 5*s - 2578 = -x. List the prime factors of o.
2, 211
Let c = 0 - -4. Suppose -4*a + 3*a = -c*j - 142, 4*a - 606 = -3*j. Suppose a = 8*x - 2*x. What are the prime factors of x?
5
Let j = 53 - 52. Let v(l) = -l**2 - 1 - 20*l - 6 - j + 0*l**2. List the prime factors of v(-12).
2, 11
Let r(q) = -q**2 - 9*q - 12. Let l be r(-7). Let j be l/(-3*(-2)/(-840)). What are the prime factors of (j/(-15))/(2/9)?
2, 3, 7
Let x = 81 - 76. Suppose -5*t + 2595 = x*s, 0 = s - 3*s - 4*t + 1048. List the prime factors of s.
2, 257
Let g be (-8)/(-10) - (-55160)/50. Suppose -109*k + g = -105*k. List the prime factors of k.
2, 3, 23
Let m(l) = 237*l**2 + 198*l + 2217. What are the prime factors of m(-10)?
3, 79, 101
Let w(s) = 34*s**2 + 134*s - 1. What are the prime factors of w(1)?
167
Suppose -14*r + 40734 = -54228. What are the prime factors of r?
3, 7, 17, 19
Suppose 10*j = 51065 + 81855. List the prime factors of j.
2, 3323
Let t = 80250 + -29991. What are the prime factors of t?
3, 11, 1523
Suppose 2*p = 6*p + 48. Let b be 1 + ((-5)/(-3))/(p/(-36)). List the prime factors of (b - 5 - 69/(-2))*2.
71
Let w(q) = -45*q**3 - 30*q**2 + 21*q + 128. What are the prime factors of w(-9)?
2, 23, 659
Let j = 119 + -107. Suppose -j*k - 1962 = -8646. List the prime factors of k.
557
Let b(y) = 33*y - 59. Let m(j) = j + 28. Let z be m(-11). What are the prime factors of b(z)?
2, 251
Let s(d) = -216*d + 82. Let g be s(-1). Let f = -61 - -250. Let y = g - f. List the prime factors of y.
109
Suppose -47*k - 8*p - 19106 = -50*k, -2*k + 4*p = -12732. List the prime factors of k.
2, 11, 17
Let f = -132 - -1538. Let z = f - 824. List the prime factors of z.
2, 3, 97
Let d = 75 - -83. Let w = d + 376. What are the prime factors of w?
2, 3, 89
Let l(w) = -9*w + 112. Let m be l(-25). Suppose 5*u = m + 68. List the prime factors of u.
3
Suppose 0*j = -3*j + 156. Suppose 1749*y - 1722*y = 270. Suppose -j = -y*n + 9*n. List the prime factors of n.
2, 13
Let w = 13878 - 7882. What are the prime factors of w?
2, 1499
Suppose -15 = -5*v, 4*g + 3*v - 9673 - 12768 = 0. What are the prime factors of g?
2, 701
Let h = -223 - 16. Let u = h + 317. List the prime factors of u.
2, 3, 13
Let a(w) = -w**3 + 7*w**2 - 9*w + 10. Let i be a(3). Suppose 0 = -i*p + 24*p - 525. List the prime factors of p.
3, 5, 7
Suppose -5*x - 80 = 5*u, -9 = 2*x + x. Let w = 93 + u. What are the prime factors of w?
2, 5
Let l(u) = 4*u + 13. Let j be l(-4). Let c(n) = n**2 - n. Let r(b) = 3*b**3 + 2*b + 2. Let a(z) = -3*c(z) - r(z). What are the prime factors of a(j)?
7
Let q = 289 + -151. Let f = 753 - q. List the prime factors of f.
3, 5, 41
Suppose 0 = -924*l + 957*l - 761277. What are the prime factors of l?
17, 23, 59
Let o(d) = 20*d**2 - 7*d + 1694. What are the prime factors of o(42)?
2, 5, 7, 131
Let p(a) = 2*a**2 + 4*a - 12. Let i = 38 + -17. Let h be (3 - 34/14)/(6/i). List the prime factors of p(h).
2
Let b = -13020 - -27390. List the prime factors of b.
2, 3, 5, 479
Let s(x) be the first derivative of -x**5/60 - x**4/12 + 97*x**3/6 - x**2 + 10. Let t(z) be the second derivative of s(z). List the prime factors of t(0).
97
Let x = 74 + -67. Suppose -1 = -2*d - x, 13 = -i + 5*d. What are the prime factors of (105/i)/((-3)/92)?
5, 23
Let h(p) be the third derivative of p**6/80 - p**5/60 - p**4/8 + 12*p**2. Let w(i) be the second derivative of h(i). List the prime factors of w(2).
2
Suppose -2*h + 13230 = -32*h. Let j be 2/11 + (-3434)/11. Let v = j - h. List the prime factors of v.
3, 43
Let q(i) = 22*i - 13. Let t be q(3). Let o = t + 41. Let r = o - 41. List the prime factors of r.
53
Suppose w - 83*x - 40113 = -86*x, w - 5*x - 40065 = 0. What are the prime factors of w?
3, 5, 11
Suppose j = 6 - 0. Let p(z) = -z**2 - j*z - 5*z**2 + 13*z - z**3 + 22 - 1. List the prime factors of p(-9).
3, 67
Suppose -7*q - 881 = 722. Let z = q - -267. List the prime factors of z.
2, 19
Let y = -4054 - -6241. What are the prime factors of y?
3
Let c(q) be the first derivative of -q**4/2 - 2*q**3/3 - q**2 + 1415*q - 162. List the prime factors of c(0).
5, 283
What are the prime factors of (198/(-12))/((-9)/6762)?
7, 11, 23
Suppose 54 = -14*z - 2. Let y(f) = -20*f**3 - f**2 + 21*f + 34. What are the prime factors of y(z)?
2, 607
List the prime factors of (7/2)/((3/235089)/((-24)/(-108))).
7, 8707
Suppose w + 1776 = -2*r + 201, 4*r + 3165 = 3*w. Let x = 1141 + r. List the prime factors of x.
2, 11
Let k(i) = i**3 - 11*i**2 - 5*i + 51. Let j be k(11). What are the prime factors of -4 - (-206 - 4/j)?
3, 67
Suppose 14*o - 376000 = -66*o. List the prime factors of o.
2, 5, 47
Suppose f - 4578 = 2*s, 13*f + 3*s + 22897 = 18*f. What are the prime factors of f?
2, 5, 229
Suppose 17*v - 203650 = -56328. Suppose 207*w - 200*w = v. List the prime factors of w.
2, 619
Let s(g) = -1601*g + 749. List the prime factors of s(-12).
19961
Suppose -46*n + 47*n + 73873 = 4*d, 0 = 3*d + 3*n - 55401. What are the prime factors of d?
2, 3, 19
Suppose 610 = 3*x + 12*x - 307835. What are the prime factors of x?
20563
Suppose -2*g - 2*y = 2*y - 2800, 3*y = -g + 1403. Let b = g + -701. What are t